{"id":26,"date":"2020-05-04T21:49:02","date_gmt":"2020-05-04T19:49:02","guid":{"rendered":"https:\/\/www.nicos-autoservice.de\/?page_id=26"},"modified":"2025-02-05T16:58:20","modified_gmt":"2025-02-05T14:58:20","slug":"willkommen-bei-nicos-autoservice","status":"publish","type":"page","link":"https:\/\/www.nicos-autoservice.de\/","title":{"rendered":"Willkommen bei Nico\u00b4s Autoservice"},"content":{"rendered":"\n<p class=\"has-text-align-center\">Liebe Besucher,<br><br>wir sind ein leistungsf\u00e4higer Kraftfahrzeug-Dienstleister, der f\u00fcr ein angemessenes Preis-Leistungsverh\u00e4ltnis erstklassige Reparaturen und Service-Leistungen anbietet.<br><br>Wir sind bem\u00fcht, f\u00fcr s\u00e4mtliche Probleme, L\u00f6sungen zu finden.<br><br>Mittelpunkt des Handelns ist der Mensch und sein Automobil !<\/p>\n\n\n\n<h1 class=\"wp-block-heading has-text-align-center\"><strong><a href=\"https:\/\/www.nicos-autoservice.de\/?page_id=30\">Wir suchen Dich&#8230;<\/a><\/strong><\/h1>\n\n\n<div class=\"wp-block-image is-style-default\">\n<figure class=\"aligncenter size-large\"><img loading=\"lazy\" decoding=\"async\" width=\"1024\" height=\"821\" src=\"https:\/\/www.nicos-autoservice.de\/wp-content\/uploads\/2022\/01\/Buero_Empfang-1024x821.jpg\" alt=\"\" class=\"wp-image-469\" srcset=\"https:\/\/www.nicos-autoservice.de\/wp-content\/uploads\/2022\/01\/Buero_Empfang-1024x821.jpg 1024w, https:\/\/www.nicos-autoservice.de\/wp-content\/uploads\/2022\/01\/Buero_Empfang-300x241.jpg 300w, https:\/\/www.nicos-autoservice.de\/wp-content\/uploads\/2022\/01\/Buero_Empfang-768x616.jpg 768w, https:\/\/www.nicos-autoservice.de\/wp-content\/uploads\/2022\/01\/Buero_Empfang-1536x1232.jpg 1536w, https:\/\/www.nicos-autoservice.de\/wp-content\/uploads\/2022\/01\/Buero_Empfang-2048x1642.jpg 2048w\" sizes=\"auto, (max-width: 767px) 89vw, (max-width: 1000px) 54vw, (max-width: 1071px) 543px, 580px\" \/><\/figure>\n<\/div>\n\n\n<p><\/p>\n","protected":false},"excerpt":{"rendered":"<p>Liebe Besucher, wir sind ein leistungsf\u00e4higer Kraftfahrzeug-Dienstleister, der f\u00fcr ein angemessenes Preis-Leistungsverh\u00e4ltnis erstklassige Reparaturen und Service-Leistungen anbietet. Wir sind bem\u00fcht, f\u00fcr s\u00e4mtliche Probleme, L\u00f6sungen zu finden. Mittelpunkt des Handelns ist der Mensch und sein Automobil ! Wir suchen Dich&#8230;<\/p>\n","protected":false},"author":1,"featured_media":0,"parent":0,"menu_order":0,"comment_status":"closed","ping_status":"closed","template":"","meta":{"footnotes":""},"class_list":["post-26","page","type-page","status-publish","hentry"],"_links":{"self":[{"href":"https:\/\/www.nicos-autoservice.de\/index.php?rest_route=\/wp\/v2\/pages\/26","targetHints":{"allow":["GET"]}}],"collection":[{"href":"https:\/\/www.nicos-autoservice.de\/index.php?rest_route=\/wp\/v2\/pages"}],"about":[{"href":"https:\/\/www.nicos-autoservice.de\/index.php?rest_route=\/wp\/v2\/types\/page"}],"author":[{"embeddable":true,"href":"https:\/\/www.nicos-autoservice.de\/index.php?rest_route=\/wp\/v2\/users\/1"}],"replies":[{"embeddable":true,"href":"https:\/\/www.nicos-autoservice.de\/index.php?rest_route=%2Fwp%2Fv2%2Fcomments&post=26"}],"version-history":[{"count":50,"href":"https:\/\/www.nicos-autoservice.de\/index.php?rest_route=\/wp\/v2\/pages\/26\/revisions"}],"predecessor-version":[{"id":596,"href":"https:\/\/www.nicos-autoservice.de\/index.php?rest_route=\/wp\/v2\/pages\/26\/revisions\/596"}],"wp:attachment":[{"href":"https:\/\/www.nicos-autoservice.de\/index.php?rest_route=%2Fwp%2Fv2%2Fmedia&parent=26"}],"curies":[{"name":"wp","href":"https:\/\/api.w.org\/{rel}","templated":true}]}}