{"id":343,"date":"2020-12-13T19:12:19","date_gmt":"2020-12-13T17:12:19","guid":{"rendered":"https:\/\/www.nicos-autoservice.de\/?page_id=343"},"modified":"2020-12-13T19:12:19","modified_gmt":"2020-12-13T17:12:19","slug":"projekt-motortuning-bmw-e61-530d","status":"publish","type":"page","link":"https:\/\/www.nicos-autoservice.de\/?page_id=343","title":{"rendered":"Projekt Motortuning BMW E61 530D"},"content":{"rendered":"\n<div class=\"wp-block-media-text alignwide is-stacked-on-mobile\" style=\"grid-template-columns:59% auto\"><figure class=\"wp-block-media-text__media\"><img loading=\"lazy\" decoding=\"async\" width=\"1024\" height=\"1021\" src=\"https:\/\/www.nicos-autoservice.de\/wp-content\/uploads\/2020\/12\/2-1-1024x1021.jpg\" alt=\"\" class=\"wp-image-344 size-full\" srcset=\"https:\/\/www.nicos-autoservice.de\/wp-content\/uploads\/2020\/12\/2-1-1024x1021.jpg 1024w, https:\/\/www.nicos-autoservice.de\/wp-content\/uploads\/2020\/12\/2-1-300x300.jpg 300w, https:\/\/www.nicos-autoservice.de\/wp-content\/uploads\/2020\/12\/2-1-150x150.jpg 150w, https:\/\/www.nicos-autoservice.de\/wp-content\/uploads\/2020\/12\/2-1-768x766.jpg 768w, https:\/\/www.nicos-autoservice.de\/wp-content\/uploads\/2020\/12\/2-1-100x100.jpg 100w, https:\/\/www.nicos-autoservice.de\/wp-content\/uploads\/2020\/12\/2-1.jpg 1440w\" sizes=\"auto, (max-width: 767px) 89vw, (max-width: 1000px) 54vw, (max-width: 1071px) 543px, 580px\" \/><\/figure><div class=\"wp-block-media-text__content\">\n<p><\/p>\n\n\n\n<p>Die Vorbereitungen laufen. Hier gibt es ein Upgrade f\u00fcr den Motor. Ein neuer Turbolader, ge\u00e4nderter Ladeluftk\u00fchler und neu angepasste Injektoren werden verbaut. Des Weiteren gibt es dann noch eine Anpassung der Motor und Getriebsoftware.<\/p>\n<\/div><\/div>\n\n\n\n<div class=\"wp-block-columns is-layout-flex wp-container-core-columns-is-layout-9d6595d7 wp-block-columns-is-layout-flex\">\n<div class=\"wp-block-column is-layout-flow wp-block-column-is-layout-flow\" style=\"flex-basis:100%\">\n<div class=\"wp-block-image\"><figure class=\"alignright size-large is-resized\"><img loading=\"lazy\" decoding=\"async\" src=\"https:\/\/www.nicos-autoservice.de\/wp-content\/uploads\/2020\/12\/3-2-1024x1021.jpg\" alt=\"\" class=\"wp-image-350\" width=\"357\" height=\"356\" srcset=\"https:\/\/www.nicos-autoservice.de\/wp-content\/uploads\/2020\/12\/3-2-1024x1021.jpg 1024w, https:\/\/www.nicos-autoservice.de\/wp-content\/uploads\/2020\/12\/3-2-300x300.jpg 300w, https:\/\/www.nicos-autoservice.de\/wp-content\/uploads\/2020\/12\/3-2-150x150.jpg 150w, https:\/\/www.nicos-autoservice.de\/wp-content\/uploads\/2020\/12\/3-2-768x766.jpg 768w, https:\/\/www.nicos-autoservice.de\/wp-content\/uploads\/2020\/12\/3-2-100x100.jpg 100w, https:\/\/www.nicos-autoservice.de\/wp-content\/uploads\/2020\/12\/3-2.jpg 1440w\" sizes=\"auto, (max-width: 357px) 100vw, 357px\" \/><\/figure><\/div>\n<\/div>\n<\/div>\n\n\n\n<div class=\"wp-block-media-text alignwide is-stacked-on-mobile\" style=\"grid-template-columns:62% auto\"><figure class=\"wp-block-media-text__media\"><img loading=\"lazy\" decoding=\"async\" width=\"1024\" height=\"1024\" src=\"https:\/\/www.nicos-autoservice.de\/wp-content\/uploads\/2020\/12\/2-2-1024x1024.jpg\" alt=\"\" class=\"wp-image-346 size-full\" srcset=\"https:\/\/www.nicos-autoservice.de\/wp-content\/uploads\/2020\/12\/2-2-1024x1024.jpg 1024w, https:\/\/www.nicos-autoservice.de\/wp-content\/uploads\/2020\/12\/2-2-300x300.jpg 300w, https:\/\/www.nicos-autoservice.de\/wp-content\/uploads\/2020\/12\/2-2-150x150.jpg 150w, https:\/\/www.nicos-autoservice.de\/wp-content\/uploads\/2020\/12\/2-2-768x768.jpg 768w, https:\/\/www.nicos-autoservice.de\/wp-content\/uploads\/2020\/12\/2-2-100x100.jpg 100w, https:\/\/www.nicos-autoservice.de\/wp-content\/uploads\/2020\/12\/2-2.jpg 1440w\" sizes=\"auto, (max-width: 767px) 89vw, (max-width: 1000px) 54vw, (max-width: 1071px) 543px, 580px\" \/><\/figure><div class=\"wp-block-media-text__content\">\n<p><\/p>\n\n\n\n<p>Der neue Ladeluftk\u00fchler wurde angepasst und verbaut. Sieht doch schon Mal sehr gut aus. Endlich bekommt der Motor ordentlich kalte Luft zum Atmen.<\/p>\n<\/div><\/div>\n\n\n\n<div class=\"wp-block-image\"><figure class=\"alignright size-large is-resized\"><img loading=\"lazy\" decoding=\"async\" src=\"https:\/\/www.nicos-autoservice.de\/wp-content\/uploads\/2020\/12\/4-1024x1024.jpg\" alt=\"\" class=\"wp-image-348\" width=\"388\" height=\"388\" srcset=\"https:\/\/www.nicos-autoservice.de\/wp-content\/uploads\/2020\/12\/4-1024x1024.jpg 1024w, https:\/\/www.nicos-autoservice.de\/wp-content\/uploads\/2020\/12\/4-300x300.jpg 300w, https:\/\/www.nicos-autoservice.de\/wp-content\/uploads\/2020\/12\/4-150x150.jpg 150w, https:\/\/www.nicos-autoservice.de\/wp-content\/uploads\/2020\/12\/4-768x768.jpg 768w, https:\/\/www.nicos-autoservice.de\/wp-content\/uploads\/2020\/12\/4-100x100.jpg 100w, https:\/\/www.nicos-autoservice.de\/wp-content\/uploads\/2020\/12\/4.jpg 1440w\" sizes=\"auto, (max-width: 388px) 100vw, 388px\" \/><\/figure><\/div>\n","protected":false},"excerpt":{"rendered":"<p>Die Vorbereitungen laufen. Hier gibt es ein Upgrade f\u00fcr den Motor. Ein neuer Turbolader, ge\u00e4nderter Ladeluftk\u00fchler und neu angepasste Injektoren werden verbaut. Des Weiteren gibt es dann noch eine Anpassung der Motor und Getriebsoftware. Der neue Ladeluftk\u00fchler wurde angepasst und verbaut. Sieht doch schon Mal sehr gut aus. Endlich bekommt der Motor ordentlich kalte Luft &hellip; <\/p>\n<p class=\"link-more\"><a href=\"https:\/\/www.nicos-autoservice.de\/?page_id=343\" class=\"more-link\"><span class=\"screen-reader-text\">\u201eProjekt Motortuning BMW E61 530D\u201c <\/span>weiterlesen<\/a><\/p>\n","protected":false},"author":2,"featured_media":0,"parent":167,"menu_order":0,"comment_status":"closed","ping_status":"closed","template":"","meta":{"footnotes":""},"class_list":["post-343","page","type-page","status-publish","hentry"],"_links":{"self":[{"href":"https:\/\/www.nicos-autoservice.de\/index.php?rest_route=\/wp\/v2\/pages\/343","targetHints":{"allow":["GET"]}}],"collection":[{"href":"https:\/\/www.nicos-autoservice.de\/index.php?rest_route=\/wp\/v2\/pages"}],"about":[{"href":"https:\/\/www.nicos-autoservice.de\/index.php?rest_route=\/wp\/v2\/types\/page"}],"author":[{"embeddable":true,"href":"https:\/\/www.nicos-autoservice.de\/index.php?rest_route=\/wp\/v2\/users\/2"}],"replies":[{"embeddable":true,"href":"https:\/\/www.nicos-autoservice.de\/index.php?rest_route=%2Fwp%2Fv2%2Fcomments&post=343"}],"version-history":[{"count":8,"href":"https:\/\/www.nicos-autoservice.de\/index.php?rest_route=\/wp\/v2\/pages\/343\/revisions"}],"predecessor-version":[{"id":357,"href":"https:\/\/www.nicos-autoservice.de\/index.php?rest_route=\/wp\/v2\/pages\/343\/revisions\/357"}],"up":[{"embeddable":true,"href":"https:\/\/www.nicos-autoservice.de\/index.php?rest_route=\/wp\/v2\/pages\/167"}],"wp:attachment":[{"href":"https:\/\/www.nicos-autoservice.de\/index.php?rest_route=%2Fwp%2Fv2%2Fmedia&parent=343"}],"curies":[{"name":"wp","href":"https:\/\/api.w.org\/{rel}","templated":true}]}}